 - 1*-230 is divided by 81.
78
Let s be (-4)/(20/25) - -22089. Suppose -39*o + 12782 + s = 0. What is the remainder when o is divided by 32?
30
Suppose 10 = -3*g + 5*x + 4, 0 = -3*x. Calculate the remainder when 682 is divided by (-5)/(90/(-243)) - g/4.
10
Let s = -347 - -486. What is the remainder when s is divided by 24/48*(-1)/((-2)/64)?
11
Let x = 15736 + -15705. What is the remainder when 1405 is divided by x?
10
What is the remainder when (-8764)/(-9) + 25755/2295 + (-11)/1 is divided by 973?
1
Suppose 115*t = 125*t - 300. What is the remainder when 234 is divided by t?
24
Let w(h) = -3*h**3 - 12*h**2 + 11*h - 26. Let d(l) = -2*l**2 + l - 1. Let j(a) = 6*d(a) - w(a). What is the remainder when j(5) is divided by 62?
60
Let c(g) = -4*g**2 - 212*g - 470. Calculate the remainder when 1552 is divided by c(-50).
122
Let h(i) = -10*i + 10. Let r be 5*2/(-2) - -1. Calculate the remainder when 92 is divided by h(r).
42
Let a(h) = -5*h**2 - 32*h**2 - 5*h - 4 - 4*h**2. Let c be a(-1). Let j = c - -47. Calculate the remainder when 48 is divided by j.
6
Suppose -10 + 6 = -s + i, s + 4*i = -16. Suppose 692 = 4*q + d - 5*d, q + d - 173 = s. What is the remainder when q is divided by 35?
33
Calculate the remainder when 9 - ((-2 - 47) + 9) is divided by (-75)/(15/(-3))*(-12)/(-10).
13
Suppose -201*z + 1357 = 4*v - 202*z, 0 = 2*v - 4*z - 696. Calculate the remainder when 2041 is divided by v.
13
Suppose -6*p + 2*p + 54 = a, 2 = 2*p. Let z = -1519 + 1713. Calculate the remainder when z is divided by a.
44
What is the remainder when 296 is divided by 5070/78 - -3*3?
0
Calculate the remainder when 1118 is divided by (-28)/(-28)*(-1 - -143 - 2).
138
Suppose 13 - 3 = 2*g. Suppose 2 = -12*o + 38. Suppose g*b = o*b + 38. Calculate the remainder when 34 is divided by b.
15
Suppose -173 = -19*h - 40. Suppose -15*c + h*c = -184. What is the remainder when c is divided by 22?
1
Let f = 2593 + -2535. What is the remainder when (0 + (-1 - -4))*(-2768)/(-24) is divided by f?
56
Let s = 1456 - -361. Calculate the remainder when s is divided by 18.
17
Let f = -20 + 17. Let h be ((-6)/f + 12)/(-1). Let z = h + 31. What is the remainder when 84 is divided by z?
16
Suppose 0*b = -4*b + 324. Let n(f) = -f**3 + 7*f**2 - 4*f + 10. Let t be 4/(-30) - (-276)/45. Calculate the remainder when b is divided by n(t).
15
Suppose 2*d - 100 = -3*d. Suppose 0 = 3*j + 42 - 123. Let u = j - d. What is the remainder when 12 is divided by u?
5
Let p(y) = -2*y**3 + 9*y**2 - 89. Let l be p(0). Let t = l + 116. Let z = 131 - 80. What is the remainder when z is divided by t?
24
Let v(t) = 3*t**2 - 6*t - 12. Let d be v(-2). Suppose -d*c = -2240 - 1096. Calculate the remainder when c is divided by 20.
18
Suppose 0 = -u - 2*u + 72. Suppose 5*p - 4*i = -3*i + 143, 4*p - 124 = 4*i. Suppose p*f = 130 + 122. What is the remainder when u is divided by f?
6
Let v = 289 - 105. Suppose 11*f = 28*f - 357. Calculate the remainder when v is divided by f.
16
Let o(n) be the first derivative of -19*n**2/2 - 6*n - 11. Let q(m) = -22*m - 16. Calculate the remainder when q(-3) is divided by o(-1).
11
Let h be 3/4*(-9 - -25). Let o be ((54/h)/(-9))/(2/(-144)). What is the remainder when o/(-6)*(-22)/6 is divided by 8?
6
Suppose 4*k = 7*x - 2*x + 181, -k + 5*x + 64 = 0. What is the remainder when 923 is divided by k?
26
Suppose -4*w - f + 6 = -2*f, 4*w - 2 = 3*f. Let v = 7 - w. Suppose -v*c = -4*c - 37. What is the remainder when 73 is divided by c?
36
Suppose 5*y + 21 = -2*u, 0 = 2*u + 3*u - y + 12. Let c = u + 12. Suppose -896*g + 2919 = 77*g. Calculate the remainder when c is divided by g.
0
Suppose 2838 = -12*k + 9102. What is the remainder when k is divided by 17?
12
Calculate the remainder when 147 is divided by (177 - 170) + 1 + 42.
47
Suppose -19*y + 1391 + 642 = 0. Calculate the remainder when 472 is divided by y.
44
Suppose -246*t + 297*t - 12495 = 0. What is the remainder when t is divided by 8?
5
Let f = 583 + -585. Let c(b) = -7*b**3 + 4*b**2 - 5. What is the remainder when c(f) is divided by 23?
21
Let g(r) = r - 6. Suppose -q + 4*f - 1 = -9, 3*q - 4*f = 24. Let m be g(q). Suppose 251 = m*v - 127. Calculate the remainder when v is divided by 32.
29
Calculate the remainder when 189 is divided by (-1)/3 - 235*(-28)/84.
33
Suppose 6*k = 3*c + k + 1, -4*k = -4*c + 4. Let z be 6/(-6) + c + 0. Suppose -z*y = 3*s - y - 104, -s + 36 = y. Calculate the remainder when s is divided by 9.
7
Let i(j) = -j**2 - 15*j - 14. Let p be i(-15). Let b = 35 - 4. Let k = b + p. What is the remainder when k is divided by 4?
1
Calculate the remainder when 643 is divided by ((35 - 1)*19/95)/(10/50).
31
Suppose 5 = -2*f + 5*v, 5*f = 10*f + 4*v - 70. What is the remainder when 141 is divided by -3 - (-105)/14*f?
69
Suppose -15*b - 1797 = -2847. What is the remainder when 340 is divided by b?
60
Let p(g) = -7187*g + 241. What is the remainder when p(-1) is divided by 10?
8
Let i = 44 + 391. Suppose -9*m + i = -6*m. Calculate the remainder when m is divided by 2.
1
Suppose 12*d + 4 = 14*d. Let a be ((100/5)/d)/(-1). Let g = 17 - a. What is the remainder when 51 is divided by g?
24
Let i(u) = -u**2 + 6*u - 4. Let m be i(-3). Let j = -37 - m. Calculate the remainder when 1 + j/4 - (-2033)/38 is divided by 11.
9
Suppose 4*m + 4*k = 904, 4*m - 49 = -5*k + 851. Calculate the remainder when 565 is divided by m.
105
Let m = -5029 + 5168. Calculate the remainder when m is divided by 10.
9
Suppose 2*s = 2*h - 326, h + 563 - 86 = -3*s. Let n = s + 170. Calculate the remainder when 98 is divided by n.
8
Calculate the remainder when 2560 is divided by (16/(-12))/((-204)/129591).
19
Let q = -169 + 336. Suppose -19*i + 6668 = -28216. Calculate the remainder when q is divided by ((-1)/(-3) - 1)/((-51)/i).
23
Let d(x) = 106*x**3 + 59*x**2 - 56*x - 2. Suppose 3*l + 205 = 8*l. Calculate the remainder when d(1) is divided by l.
25
Suppose 78*t - 77*t = 4*l + 9, -4*l = -3*t + 19. Calculate the remainder when 96 + 14 + (-1 - 0/2) is divided by t.
4
Let n = -10733 - -10785. What is the remainder when n is divided by 23?
6
Let o be (-18)/15*15/18*-4. Calculate the remainder when 94*((-1)/4 - (-3)/o) is divided by 11.
3
Let d(n) = -n**2 - n + 1. Let k(y) = 45*y**2 + 8*y - 2. Let a(q) = 4*d(q) + k(q). Let w be a(-1). Let m = w - 23. What is the remainder when 46 is divided by m?
14
Let i = 10414 - 10410. What is the remainder when 10 is divided by i?
2
Let h(l) = -l**2 + 9*l + 30. Let i be h(11). Suppose -i*r - 10*r = -180. Calculate the remainder when r is divided by 2.
0
Suppose 3*z = -29*r + 34*r + 220, -3*r = 6. What is the remainder when 2321 is divided by z?
11
Let m be 13/(-52) - (-554)/8. Let i = 72 - m. Suppose j - 48 = -5*c, -i*j - 130 = -6*j - c. Calculate the remainder when j is divided by 22.
21
Let o be 32/6*36/24. Let c(h) = 12 - 13*h + 3*h**3 + 1415*h**2 - 1405*h**2 - 4*h**3. What is the remainder when c(o) is divided by 13?
10
Let d(g) = g**3 + 8*g**2 - 9*g + 6. Let m(v) = v**3 + 7*v**2 + 4*v - 6. Let l be m(-6). What is the remainder when d(-9) is divided by (l/4)/(-1)*16/(-6)?
2
Let z be 4/(-14) + (749/49)/1. Let g = 69 - z. Suppose 3*a - 33 = -2*v + v, 4*a - 2*v = g. Calculate the remainder when 30 is divided by a.
6
Let w be 12/36 + 5/((-15)/124). Let s = w + 35. Let d = 71 + s. What is the remainder when d is divided by 14?
9
Suppose 13 + 2 = 3*u. Suppose -4*m - 5*c + 2*c = -22, -43 = -u*m + 4*c. Suppose 2*a = x + 78, -2*x = a - m - 27. What is the remainder when a is divided by 13?
12
Suppose -90 = -5*o + 5*i, -97*o + 2*i = -99*o + 48. What is the remainder when 4656 is divided by o?
15
Suppose 7*b - 200818 = -55*b. What is the remainder when b is divided by 15?
14
Let v(m) be the second derivative of m**4/6 - 9*m**3/2 - 23*m**2 + 10*m + 3. What is the remainder when v(16) is divided by 9?
7
Let d be (-30)/(-2)*4/12*-1. Let p(t) = 22*t**2 + 11*t + 22. What is the remainder when p(d) is divided by 13?
10
Let i be (-52)/(-5) - (-14)/(-35). Let m be ((-145782)/30)/(-7) - 2/i. Suppose 12 = 4*q, -m = -5*b + q - 4*q. What is the remainder when b is divided by 23?
22
Let h(x) = 2*x**3 + 10*x**2 - 6*x - 10. Let f be h(-5). Suppose -3*n + 8*n + f = 0. Calculate the remainder when (-648)/(-16) + 2/n is divided by 21.
19
Let t = -6 - -24.